{"id":50,"date":"2017-09-05T07:09:28","date_gmt":"2017-09-05T07:09:28","guid":{"rendered":"https:\/\/fvk.leiterer.de\/?page_id=50"},"modified":"2025-03-29T00:32:44","modified_gmt":"2025-03-28T23:32:44","slug":"mitglied-spenden","status":"publish","type":"page","link":"https:\/\/fv-kitabuddelflink.de\/?page_id=50","title":{"rendered":"Mitgliedschaft &amp; Spenden"},"content":{"rendered":"<div class=\"wp-block-image is-style-default\">\n<figure class=\"alignright size-medium\"><img loading=\"lazy\" decoding=\"async\" width=\"300\" height=\"300\" src=\"https:\/\/fv-kitabuddelflink.de\/wp-content\/uploads\/2025\/03\/Sparschwein-300x300.png\" alt=\"\" class=\"wp-image-842\" srcset=\"https:\/\/fv-kitabuddelflink.de\/wp-content\/uploads\/2025\/03\/Sparschwein-300x300.png 300w, https:\/\/fv-kitabuddelflink.de\/wp-content\/uploads\/2025\/03\/Sparschwein-150x150.png 150w, https:\/\/fv-kitabuddelflink.de\/wp-content\/uploads\/2025\/03\/Sparschwein-768x768.png 768w, https:\/\/fv-kitabuddelflink.de\/wp-content\/uploads\/2025\/03\/Sparschwein-80x80.png 80w, https:\/\/fv-kitabuddelflink.de\/wp-content\/uploads\/2025\/03\/Sparschwein-320x320.png 320w, https:\/\/fv-kitabuddelflink.de\/wp-content\/uploads\/2025\/03\/Sparschwein.png 1024w\" sizes=\"auto, (max-width: 300px) 100vw, 300px\" \/><\/figure><\/div>\n\n\n<p><strong>Mitglied werden und helfen \u2026 <\/strong><\/p>\n\n\n\n<p><strong>Wer?<\/strong> Jeder der m\u00f6chte (Eltern, Gro\u00dfeltern, Freunde und Firmen), kann mit nur 20 \u20ac Mitgliedsbeitrag pro Jahr Mitglied in unserem F\u00f6rderverein werden. Willkommen sind aktive und passive Mitglieder.<\/p>\n\n\n\n<p><strong>Wie?<\/strong> Mitgliedsantrag hier herunterladen, ausf\u00fcllen und per Post zur\u00fccksenden oder in der Kita abgeben.<\/p>\n\n\n\n<p><a href=\"https:\/\/fv-kitabuddelflink.de\/wp-content\/uploads\/2017\/09\/Beitrittserkl\u00e4rung_Entwurf-411.pdf\"><br><\/a><strong><a href=\"https:\/\/fv-kitabuddelflink.de\/wp-content\/uploads\/2017\/09\/Beitrittserkl\u00e4rung_Entwurf-411.pdf\">Mitglieds- und Spendenantrag<\/a><\/strong><\/p>\n\n\n\n<p>Spenden und helfen \u2026<\/p>\n\n\n\n<p>Wer nicht Mitglied werden m\u00f6chte, aber uns und die Kita Buddelflink trotzdem finanziell unterst\u00fctzen m\u00f6chte, kann dies gern mit einer Spende tun.<\/p>\n\n\n\n<div class=\"wp-block-columns is-layout-flex wp-container-core-columns-is-layout-9d6595d7 wp-block-columns-is-layout-flex\">\n<div class=\"wp-block-column is-layout-flow wp-block-column-is-layout-flow\">\n<p class=\"has-text-align-center\">Variante \u00dcberweisung<br><br>F\u00f6rderverein Kita Buddelflink G\u00fcterfelde e.V.<br>IBAN: DE58 1605 0000 1000 7622 85<br>Mittelbrandenburgische Sparkasse<\/p>\n<\/div>\n\n\n\n<div class=\"wp-block-column is-layout-flow wp-block-column-is-layout-flow\">\n<p class=\"has-text-align-center\">Variante PayPal<\/p>\n\n\n\n<p class=\"has-text-align-center\"><a href=\"https:\/\/paypal.me\/kitabuddelflink\">https:\/\/paypal.me\/kitabuddelflink<\/a><\/p>\n\n\n<div class=\"wp-block-image\">\n<figure class=\"aligncenter size-thumbnail\"><img loading=\"lazy\" decoding=\"async\" width=\"150\" height=\"150\" src=\"https:\/\/fv-kitabuddelflink.de\/wp-content\/uploads\/2025\/03\/Foerderverein-Buddelflink-PayPal-150x150.png\" alt=\"\" class=\"wp-image-843\" srcset=\"https:\/\/fv-kitabuddelflink.de\/wp-content\/uploads\/2025\/03\/Foerderverein-Buddelflink-PayPal-150x150.png 150w, https:\/\/fv-kitabuddelflink.de\/wp-content\/uploads\/2025\/03\/Foerderverein-Buddelflink-PayPal-300x300.png 300w, https:\/\/fv-kitabuddelflink.de\/wp-content\/uploads\/2025\/03\/Foerderverein-Buddelflink-PayPal-80x80.png 80w, https:\/\/fv-kitabuddelflink.de\/wp-content\/uploads\/2025\/03\/Foerderverein-Buddelflink-PayPal-320x320.png 320w, https:\/\/fv-kitabuddelflink.de\/wp-content\/uploads\/2025\/03\/Foerderverein-Buddelflink-PayPal.png 500w\" sizes=\"auto, (max-width: 150px) 100vw, 150px\" \/><\/figure><\/div><\/div>\n<\/div>\n\n\n\n<p>Da wir ein gemeinn\u00fctziger Verein sind, k\u00f6nnen sowohl f\u00fcr Geldspenden als auch f\u00fcr Mitgliedsbeitr\u00e4ge Spendenbescheinigungen ausgestellt werden.<\/p>\n","protected":false},"excerpt":{"rendered":"<p>Mitglied werden und helfen \u2026 Wer? Jeder der m\u00f6chte (Eltern, Gro\u00dfeltern, Freunde und Firmen), kann mit nur 20 \u20ac Mitgliedsbeitrag pro Jahr Mitglied in unserem F\u00f6rderverein werden. Willkommen sind aktive und passive Mitglieder. Wie?&#46;&#46;&#46;<\/p>\n","protected":false},"author":1,"featured_media":0,"parent":0,"menu_order":0,"comment_status":"closed","ping_status":"closed","template":"","meta":{"footnotes":""},"class_list":["post-50","page","type-page","status-publish","hentry"],"jetpack_sharing_enabled":true,"_links":{"self":[{"href":"https:\/\/fv-kitabuddelflink.de\/index.php?rest_route=\/wp\/v2\/pages\/50","targetHints":{"allow":["GET"]}}],"collection":[{"href":"https:\/\/fv-kitabuddelflink.de\/index.php?rest_route=\/wp\/v2\/pages"}],"about":[{"href":"https:\/\/fv-kitabuddelflink.de\/index.php?rest_route=\/wp\/v2\/types\/page"}],"author":[{"embeddable":true,"href":"https:\/\/fv-kitabuddelflink.de\/index.php?rest_route=\/wp\/v2\/users\/1"}],"replies":[{"embeddable":true,"href":"https:\/\/fv-kitabuddelflink.de\/index.php?rest_route=%2Fwp%2Fv2%2Fcomments&post=50"}],"version-history":[{"count":32,"href":"https:\/\/fv-kitabuddelflink.de\/index.php?rest_route=\/wp\/v2\/pages\/50\/revisions"}],"predecessor-version":[{"id":847,"href":"https:\/\/fv-kitabuddelflink.de\/index.php?rest_route=\/wp\/v2\/pages\/50\/revisions\/847"}],"wp:attachment":[{"href":"https:\/\/fv-kitabuddelflink.de\/index.php?rest_route=%2Fwp%2Fv2%2Fmedia&parent=50"}],"curies":[{"name":"wp","href":"https:\/\/api.w.org\/{rel}","templated":true}]}}