{"id":52,"date":"2017-09-05T07:09:28","date_gmt":"2017-09-05T07:09:28","guid":{"rendered":"https:\/\/fvk.leiterer.de\/?page_id=52"},"modified":"2025-04-04T09:20:55","modified_gmt":"2025-04-04T07:20:55","slug":"termine","status":"publish","type":"page","link":"https:\/\/fv-kitabuddelflink.de\/?page_id=52","title":{"rendered":"Terminhistorie"},"content":{"rendered":"\n<p>Neben den <a href=\"https:\/\/fv-kitabuddelflink.de\/?page_id=692\" data-type=\"page\" data-id=\"692\">aktuellen Vorhaben<\/a> gibt es hier unsere Termine in der chronologisch sortierten Historie. <\/p>\n\n\n\n<div class=\"wp-block-group\"><div class=\"wp-block-group__inner-container is-layout-constrained wp-block-group-is-layout-constrained\">\n<h2 class=\"wp-block-heading\">2024<\/h2>\n<\/div><\/div>\n\n\n\n<div class=\"wp-block-group\"><div class=\"wp-block-group__inner-container is-layout-constrained wp-block-group-is-layout-constrained\">\n<p>M\u00e4rz 20, 2024<\/p>\n\n\n\n<ul class=\"wp-block-list\">\n<li><strong>F\u00f6rderverein Mitgliedsversammlung<\/strong> &#8211; M\u00e4rz 20, 2024\u00a0\u00a07:00 pm\u00a0&#8211;\u00a010:00 pm<\/li>\n\n\n\n<li>Osteria Ballerino, Ruhlsdorfer Str. 14-16, 14532 Stahnsdorf, DeutschlandR\u00fcckmeldung zur Teilnahme zwecks Planung bis 14.03.2024 erbeten.<\/li>\n<\/ul>\n\n\n\n<p>M\u00e4rz 30, 2024<\/p>\n\n\n\n<ul class=\"wp-block-list\">\n<li><strong>Osterfeuer B\u00fcrgerhaus<\/strong> &#8211; M\u00e4rz 30, 2024\u00a0\u00a03:00 pm\u00a0&#8211;\u00a08:00 pm<br>Die Unterst\u00fctzung des Festes findet wie im Jahr 2023 mit diversen alkoholischen Getr\u00e4nken, Capri<br>Sonne und B\u00e4llebad statt.<\/li>\n<\/ul>\n\n\n\n<p>April 12, 2024<\/p>\n\n\n\n<ul class=\"wp-block-list\">\n<li><strong>Tag der offenen T\u00fcr Kita Buddelflink<\/strong> &#8211; April 12, 2024\u00a0\u00a03:00 pm\u00a0&#8211;\u00a05:00 pm<br>Kita Buddelflink, Lindenallee 3, 14532 Stahnsdorf OT G\u00fcterfelde, DeutschlandEs gibt eine dorfoffene Veranstaltung, um allen Interessierten einen Einblick in die R\u00e4umlichkeiten und das Konzept der Kita zu geben.<\/li>\n<\/ul>\n\n\n\n<p>September 14, 2024<\/p>\n\n\n\n<ul class=\"wp-block-list\">\n<li><strong>Familienfest der Gemeinde<\/strong> &#8211; September 14, 2024\u00a0\u00a02:00 pm\u00a0&#8211;\u00a07:00 pm<br>Dorfplatz Stahnsdorf, Dorfpl., 14532 Stahnsdorf, DeutschlandDer F\u00f6rderverein bietet Getr\u00e4nke f\u00fcr gro\u00df und klein an (<a href=\"http:\/\/fv-kitabuddelflink.de\/?em_event=familienfest-der-gemeinde\" target=\"_blank\" rel=\"noreferrer noopener\"><u>Details<\/u><\/a>)<\/li>\n<\/ul>\n\n\n\n<p>November 11, 2024<\/p>\n\n\n\n<ul class=\"wp-block-list\">\n<li><strong>St. Martin-Umzug mit der Gemeinde<\/strong> &#8211; November 11, 2024\u00a0\u00a05:00 pm\u00a0&#8211;\u00a07:00 pm<br>Kirchplatz, Kirchpl., 14532 Stahnsdorf, DeutschlandUmzug vom der\u00a0<em>Kirche G\u00fcterfelde zum Sportplatz<\/em><br><br><br>Der F\u00f6rderverein bietet am Ziel Bretzeln und warme Getr\u00e4nke f\u00fcr gro\u00df und klein an.<\/li>\n<\/ul>\n\n\n\n<p>November 30, 2024<\/p>\n\n\n\n<ul class=\"wp-block-list\">\n<li><strong>Adventsmarkt am B\u00fcrgerhaus<\/strong> &#8211; November 30, 2024\u00a0\u00a04:00 pm\u00a0&#8211;\u00a07:00 pm<br>B\u00fcrgerhaus zu G\u00fcterfelde, Berliner Str. 3, 14532 Stahnsdorf, DeutschlandWir bieten Gl\u00fchwein und Kinderpunsch an<br>Weitere Info:\u00a0<a href=\"https:\/\/sg-gueterfelde.de\/?p=1483\">Weihnachtsmarkt am B\u00fcrgerhaus<\/a><\/li>\n<\/ul>\n\n\n\n<p>Dezember 7, 2024<\/p>\n\n\n\n<ul class=\"wp-block-list\">\n<li><strong>Weihnachtsbaumschm\u00fccken G\u00fcterfelde<\/strong> &#8211; Dezember 7, 2024\u00a0\u00a03:00 pm\u00a0&#8211;\u00a06:00 pm<br>Dorfkirche G\u00fcterfelde, Kirchpl. 4, 14532 Stahnsdorf, DeutschlandAm Kreisverkehr, wir bieten Gl\u00fchwein und Kinderpunsch an<\/li>\n<\/ul>\n\n\n\n<p>Dezember 13, 2024<\/p>\n\n\n\n<ul class=\"wp-block-list\">\n<li><strong>Weihnachtsmarkt der Kita Buddelflink<\/strong> &#8211; Dezember 13, 2024\u00a0\u00a03:00 pm\u00a0&#8211;\u00a07:00 pm<br>Kita Buddelflink, Lindenallee 3, 14532 Stahnsdorf OT G\u00fcterfelde, DeutschlandDer F\u00f6rderverein bietet Speis und Trank f\u00fcr gro\u00df und klein an<\/li>\n<\/ul>\n<\/div><\/div>\n\n\n<h2><b>2018-2023<\/b><\/h2>\n<hr \/>\n<p><strong>Sonntag, den 09.12.2023:<\/strong><\/p>\n<p><em><strong>Weihnachtsbaumschm\u00fccken G\u00fcterfelde<br \/><\/strong><\/em><\/p>\n<p>ab 15.00 Uhr. <em>Kreisverkehr G\u00fcterfelde<\/em><br \/>Der F\u00f6rderverein bietet warme und kalte Getr\u00e4nke f\u00fcr gro\u00df und klein an.<\/p>\n<hr \/>\n<p><strong>Freitag, den 01.12.2023:<\/strong><\/p>\n<p><em><strong>Weihnachtsmarkt der Kita Buddelflink<br \/><\/strong><\/em><\/p>\n<p>ab 15.00 Uhr. <em>Kita Buddelflink, Lindenallee 3<\/em><br \/>Der F\u00f6rderverein bietet Speis und Trank f\u00fcr gro\u00df und klein an<\/p>\n<hr \/>\n<p><strong>Mittwoch, den 29.11.2023:<\/strong><\/p>\n<p><em><strong>Weihnachtsfeier des F\u00f6rdervereins<br \/><\/strong><\/em><\/p>\n<p>ab 19.00 Uhr. <em>Osteria La Puglia<\/em><br \/>Der F\u00f6rderverein feiert.<\/p>\n<hr \/>\n<p><strong>Freitag, den 10.11.2023:<\/strong><\/p>\n<p><em><strong>St. Martin-Umzug mit der Gemeinde<br \/><\/strong><\/em><\/p>\n<p>ab 17.00 Uhr. <em>Kirche G\u00fcterfelde\/Sportplatz<\/em><br \/>Der F\u00f6rderverein bietet warme und kalte Getr\u00e4nke f\u00fcr gro\u00df und klein an.<\/p>\n<hr \/>\n<p><strong>Samstag, den 02.09.2023:<\/strong><\/p>\n<p><em><strong>Familienfest der Gemeinde<br \/><\/strong><\/em><\/p>\n<p>ab 14.00 Uhr. <em>Dorfplatz Stahnsdorf<\/em><br \/>Der F\u00f6rderverein bietet Getr\u00e4nke f\u00fcr gro\u00df und klein an (<a href=\"https:\/\/fv-kitabuddelflink.de\/?em_event=familienfest-der-gemeinde\">Details<\/a>)<\/p>\n<hr \/>\n<p><strong>Freitag, den 05.05.2023:<\/strong><\/p>\n<p><em><strong>20 Jahre Kita-Fest: Kita Buddelflink<br \/><\/strong><\/em><\/p>\n<p>ab 15.00 Uhr. <em>Kita Buddelflink, Lindenallee 3<\/em><br \/>Der F\u00f6rderverein l\u00e4dt zu Kuchen, Bratwurst und k\u00fchlen Getr\u00e4nken ein<\/p>\n<hr \/>\n<p><strong>Samstag, den 08.04.2023:<\/strong><\/p>\n<p><em><strong>Osterfeuer<br \/><\/strong><\/em><\/p>\n<p>ab 15.00 Uhr. <em>B\u00fcrgerhaus G\u00fcterfelde<\/em><br \/>Der F\u00f6rderverein beteiligt sich mit einem Stand am Fest<\/p>\n<hr \/>\n<p><strong>Donnerstag, den 23.03.2023:<\/strong><\/p>\n<p><em><strong>Mitgliederversammlung F\u00f6rderverein<br \/><\/strong><\/em><\/p>\n<p>19.30 Uhr. <em>Ballerino,<\/em> Ruhlsdorfer Str. 14-16, Stahnsdorf<br \/>Der Vorstand bittet um R\u00fcckmeldung zur Planung bis zum 15.03.2023<\/p>\n<hr \/>\n<p><strong>Freitag, den 16.12.2022:<\/strong><\/p>\n<p><em><strong>Kita-Weihnachtsmarkt<br \/><\/strong><\/em><\/p>\n<p>Weihnachtsmarkt in der Kita mit Verk\u00f6stigung durch den F\u00f6rderverein 15-18 Uh<\/p>\n<hr \/>\n<p><strong>Donnerstag, den 08.12.2022:<\/strong><\/p>\n<p><em><strong>Weihnachtsfeier<br \/><\/strong><\/em><\/p>\n<p>Weihnachtsfeier der Mitglieder des F\u00f6rderverein<\/p>\n<hr \/>\n<p><strong>Samstag, den 03.12.2022:<\/strong><\/p>\n<p><em><strong>G\u00fcterfelder Weihnachtsmarkt<br \/><\/strong><\/em><\/p>\n<p>Weihnachtsmarkt im B\u00fcrgerhaus G\u00fcterfelde mit Beteiligung des F\u00f6rdervereins ab 15 Uhr<\/p>\n<hr \/>\n<p><strong>Sonntag, den 27.11.2022:<\/strong><\/p>\n<p><em><strong>Baumschm\u00fccken<br \/><\/strong><\/em><\/p>\n<p>Gro\u00dfes Baumschm\u00fccken in G\u00fcterfelde am Kreisel mit Gl\u00fchweinausschank vom F\u00f6rderverein 15-18 Uhr<\/p>\n<hr \/>\n<p><strong>Donnerstag, den 10.11.2022:<\/strong><\/p>\n<p><em><strong>Basteln<br \/><\/strong><\/em><\/p>\n<p>Basteln zum Martinsfest in der Kita mit Gl\u00fchweinausschank vom F\u00f6rderverein 15-17 Uhr<\/p>\n<hr \/>\n<p><strong>Samstag, den 02.07.2022:<\/strong><\/p>\n<p><em><strong>Kita-Flohmarkt<br \/><\/strong><\/em><\/p>\n<p>Am Samstag, den 02.07.2022 findet auf dem Gel\u00e4nde der Kita Buddelflink ein Flohmarkt f\u00fcr Familien statt. Eine H\u00fcpfburg, weitere Aktivit\u00e4ten, k\u00fchle Getr\u00e4nke und Bratwurst laden zum Verweilen ein. Anmeldung eines Standes unter: <a href=\"mailto:info@fv-kitabuddelflink.de\">info@fv-kitabuddelflink.de<\/a>; Flyer als PDF: <a href=\"https:\/\/fv-kitabuddelflink.de\/wp-content\/uploads\/2022\/06\/flohmarkt.pdf\">flohmarkt<\/a><\/p>\n<hr \/>\n<p><strong>Dienstag, den 21.06.2022:<\/strong><\/p>\n<p><em><strong>Planungstreffen des F\u00f6rdervereins<br \/><\/strong><\/em><\/p>\n<p>Am Dienstag, den 21.06.2022 um 20.00\u2018Uhr findet im Ballerino (Ruhlsdorfer Str. 14-16, 14532 Stahnsdorf) ein Planungstreffen f\u00fcr den Kita-Flohmarkt statt.<\/p>\n<hr \/>\n<p><strong>Donnerstag, den 02.06.2022:<\/strong><\/p>\n<p><em><strong>Mitgliederversammlung des F\u00f6rdervereins<br \/><\/strong><\/em><\/p>\n<p>Am Donnerstag, den 02.06.2022 um 20.00 Uhr findet im Ballerino (Ruhlsdorfer Str. 14-16, 14532 Stahnsdorf) die Mitgliederversammlung statt. Bei Teilnahme wird bis zum 26.5. um Anmeldung gebeten.<\/p>\n<hr \/>\n<p><strong>Samstag, den 07.09.2019:<\/strong><\/p>\n<p><em><strong>Stahnsdorfer Familienfest und Gewerbeschau<br \/><\/strong><\/em><\/p>\n<p>Erstmalig wird in diesem Jahr auch der F\u00f6rderverein der Kita Buddelflink auf dem Stahnsdorfer Familienfest vertreten sein. Nat\u00fcrlich bieten auch die Erzieherinnen der Kita Buddelflink wieder ein paar tolle Aktivit\u00e4ten f\u00fcr die kleinen Besucher und Besucherinnen an!<\/p>\n<hr \/>\n<p><strong>Freitag, den 24.05.2019:<\/strong><\/p>\n<p><em><strong>Dorfoffenes Sommerfest der Kita Buddelflink<br \/><\/strong><\/em><\/p>\n<p>Am 24. Mai 2019 hei\u00dft es ab 15 Uhr wieder herein spaziert zum Sommerfest f\u00fcr alle Eltern, Gro\u00dfeltern, Freunde, Verwandte und Bekannte. Ihr bringt die Gute Laune mit und wir sorgen f\u00fcr das Kulinarsiche. F\u00fcr die Kinder gibt es ein buntes und abwechslungreiches Programm, damit keine Langeweile auf kommt.<\/p>\n<hr \/>\n<p><strong>Montag, den 18.03.2019:<\/strong><\/p>\n<p><em><strong>Jahreshauptversammlung des F\u00f6rderverein Kita Buddelflink e.V.<br \/><\/strong><\/em><\/p>\n<p>Ab 16 Uhr laden wir alle Mitglieder und Nicht-Mitglieder zu unserer Jahreshauptversammlung ein.<\/p>\n<hr \/>\n<p><strong>Freitag, den 14.12.2018:<\/strong><\/p>\n<p><em><strong>Weihnachtsmarkt<\/strong><\/em><b><i><br \/><\/i><\/b>Ab 15 Uhr Uhr laden wir Sie zum\u00a0 Weihnachtsmarkt ein.<br \/>Viele \u00dcberraschungen, warme Getr\u00e4nke und andere Leckereien warten an diesem vorweihnachtlichen Nachmittag auf Sie!<\/p>\n<hr \/>\n<p><strong>Montag, den 12.11.2018:<\/strong><\/p>\n<p><em><strong>Sankt Martin<\/strong><\/em><b><i><br \/><\/i><\/b>Um 17.30 Uhr startet wie gewohnt zum St. Martin der Lampionumzug zum Sportplatz.<br \/>Treffpunkt: G\u00fcterfelder Kirche<br \/>Wer m\u00f6chte kann sich ab 17 Uhr in der G\u00fcterfelder Kirche die Andacht der Christenlehrekinder ansehen und Martinsh\u00f6rnchen teilen.<\/p>\n<hr \/>\n<p><strong>Freitag, den 26.10.2018:<\/strong><\/p>\n<p><strong><em>Bildungstag der Erzieher<br \/><\/em><\/strong>Liebe Eltern, bitte denkt daran, dass der 26. Oktober wieder f\u00fcr die Weiterbildung unsere lieben Erzieher eingeplant ist.<br \/>An diesem Tag bleibt die KiTa geschlossen!<\/p>\n<hr \/>\n<p><strong>Freitag, den 28.09.2018:<\/strong><\/p>\n<p><strong><em>Sportfest<br \/><\/em><\/strong>Alle Kinder, Eltern, Gro\u00dfeltern, Freunde und Verwandte sind eingeladen, am Freitag den 28. September bei unserem Sportfest &#8222;Jeder gegen Jeden mit ganz viel Spa\u00df und Freude&#8220; mitzumachen!<br \/>Beginn: 15 Uhr<br \/>Wo: Auf dem Sportplatz in G\u00fcterfelde<br \/>Nat\u00fcrlich sorgen wir auch f\u00fcr euer leibliches Wohl mit Bratwurst im Br\u00f6tchen.<\/p>\n<hr \/>\n<p><strong>Montag &#8211; Freitag, den 25. &#8211; 29.06.2018:<\/strong><\/p>\n<p><strong><em>Zuckert\u00fctenwoche<br \/><\/em><\/strong>Alle Kinder aus unserer Kita erleben eine Zuckert\u00fctenwoche mit vielen \u00dcberraschungen!<\/p>\n<hr \/>\n<p><strong>Freitag, den 22.06.2018:<\/strong><\/p>\n<p><strong><em>Zuckert\u00fctenfest<br \/><\/em><\/strong>Unsere Vorschulkinder feiern zusammen mit ihren Eltern und Erziehern ein tolles Zuckert\u00fctenfest.<\/p>\n<hr \/>\n<p><strong>Freitag, den 01.06.2018:<\/strong><\/p>\n<p><em><strong>Kindertag<br \/><\/strong><\/em>Alle Kinder aus dem Elementarbereich machen einen Tagesausflug nach Germendorf!<\/p>\n<hr \/>\n<p><strong>Aktion Shuuz bis zum 13.04.2018:<\/strong><\/p>\n<p>Wir starten wieder eine gro\u00dfe Sammelaktion und freuen uns \u00fcber gute, gebrauchte Schuhe, die in euren Schr\u00e4nken, denen eurer Eltern, Freunde und Verwandte keine Verwendung mehr finden.<br \/>Bei Fragen zur Sammelaktion wenden Sie sich bitte an das Kita Team oder uns F\u00f6rdervereinsmitglieder.<br \/>Im Schwarzwaldhaus wird es wieder eine Sammelkiste f\u00fcr die Schuhe geben.<br \/>Weitere Informationen zu Shuuz finden Sie hier unter: \u00a0 <a href=\"https:\/\/www.shuuz.de\/index.php\"><strong>SHUUZ<\/strong><\/a><\/p>\n<hr \/>\n<p><strong>Freitag, den 13.04.2018:<\/strong><\/p>\n<p><em><strong>Tag der offenen T\u00fcr in der Kita<\/strong><\/em><br \/>Anl\u00e4sslich des Umzuges der Kita vom heutigen B\u00fcrgerhaus in die Lindenallee 3 vor 15 Jahren, l\u00e4dt das Team unserer Kita herzlichst ein, um Bildung hautnah zu erleben.<br \/>Der F\u00f6rderverein wird das Fest mit Kaffee, leckerem Kuchen und Waffeln umrunden.<br \/>Eingeladen ist JEDER der Lust und Laune hat, die Kita kennen zu lernen.<\/p>","protected":false},"excerpt":{"rendered":"<p>Neben den aktuellen Vorhaben gibt es hier unsere Termine in der chronologisch sortierten Historie. 2024 M\u00e4rz 20, 2024 M\u00e4rz 30, 2024 April 12, 2024 September 14, 2024 November 11, 2024 November 30, 2024 Dezember&#46;&#46;&#46;<\/p>\n","protected":false},"author":1,"featured_media":0,"parent":0,"menu_order":0,"comment_status":"closed","ping_status":"closed","template":"","meta":{"footnotes":""},"class_list":["post-52","page","type-page","status-publish","hentry"],"jetpack_sharing_enabled":true,"_links":{"self":[{"href":"https:\/\/fv-kitabuddelflink.de\/index.php?rest_route=\/wp\/v2\/pages\/52","targetHints":{"allow":["GET"]}}],"collection":[{"href":"https:\/\/fv-kitabuddelflink.de\/index.php?rest_route=\/wp\/v2\/pages"}],"about":[{"href":"https:\/\/fv-kitabuddelflink.de\/index.php?rest_route=\/wp\/v2\/types\/page"}],"author":[{"embeddable":true,"href":"https:\/\/fv-kitabuddelflink.de\/index.php?rest_route=\/wp\/v2\/users\/1"}],"replies":[{"embeddable":true,"href":"https:\/\/fv-kitabuddelflink.de\/index.php?rest_route=%2Fwp%2Fv2%2Fcomments&post=52"}],"version-history":[{"count":41,"href":"https:\/\/fv-kitabuddelflink.de\/index.php?rest_route=\/wp\/v2\/pages\/52\/revisions"}],"predecessor-version":[{"id":852,"href":"https:\/\/fv-kitabuddelflink.de\/index.php?rest_route=\/wp\/v2\/pages\/52\/revisions\/852"}],"wp:attachment":[{"href":"https:\/\/fv-kitabuddelflink.de\/index.php?rest_route=%2Fwp%2Fv2%2Fmedia&parent=52"}],"curies":[{"name":"wp","href":"https:\/\/api.w.org\/{rel}","templated":true}]}}