{"id":53,"date":"2017-09-05T07:09:28","date_gmt":"2017-09-05T07:09:28","guid":{"rendered":"https:\/\/fvk.leiterer.de\/?page_id=53"},"modified":"2022-05-11T21:34:45","modified_gmt":"2022-05-11T21:34:45","slug":"kita-buddelflink","status":"publish","type":"page","link":"https:\/\/fv-kitabuddelflink.de\/?page_id=53","title":{"rendered":"Impressum"},"content":{"rendered":"<div id=\"cc-m-4552810761\" class=\"j-module n j-text \">\n<p><strong>Angaben gem\u00e4\u00df \u00a75 TMG<\/strong><\/p>\n<p>F\u00f6rderverein Kita Buddelflink G\u00fcterfelde e.V.<br \/>\nLindenallee 3<br \/>\n14532 Stahnsdorf<br \/>\nE-Mail: <a href=\"mailto:info@fv-kitabuddelflink.de\">info@fv-kitabuddelflink.de\u00a0<\/a><\/p>\n<p><strong>Vertreten durch:<\/strong><br \/>\nLuisa Gorzala &#8211; Vorsitzende<br \/>\nMareike Hoffmann &#8211; stellvertretende Vorsitzende<br \/>\nSabine Erbst\u00f6\u00dfer &#8211; Schatzmeisterin<\/p>\n<p><strong><br \/>\nRegistereintrag:<\/strong><br \/>\nEintragung im Handelsregister<br \/>\nRegistriernummer: VR8712P<br \/>\nAmtsgericht Potsdam<br \/>\nSteuer-Nr.: 046\/142\/16420<\/p>\n<p><strong>Haftungsausschluss<br \/>\n<\/strong><br \/>\n<strong>Haftung f\u00fcr Inhalte<br \/>\n<\/strong> Die Inhalte unserer Seiten wurden mit gr\u00f6\u00dfter Sorgfalt erstellt. F\u00fcr die Richtigkeit, Vollst\u00e4ndigkeit und Aktualit\u00e4t der Inhalte k\u00f6nnen wir jedoch keine Gew\u00e4hr \u00fcbernehmen. Als Diensteanbieter sind wir gem\u00e4\u00df \u00a7 7 Abs.1 TMG f\u00fcr eigene Inhalte auf diesen Seiten nach den allgemeinen Gesetzen verantwortlich. Nach \u00a7\u00a7 8 bis 10 TMG sind wir als Diensteanbieter jedoch nicht verpflichtet, \u00fcbermittelte oder gespeicherte fremde Informationen zu \u00fcberwachen oder nach Umst\u00e4nden zu forschen, die auf eine rechtswidrige T\u00e4tigkeit hinweisen. Verpflichtungen zur Entfernung oder Sperrung der Nutzung von Informationen nach den allgemeinen Gesetzen bleiben hiervon unber\u00fchrt. Eine diesbez\u00fcgliche Haftung ist jedoch erst ab dem Zeitpunkt der Kenntnis einer konkreten Rechtsverletzung m\u00f6glich. Bei bekannt werden von entsprechenden Rechtsverletzungen werden wir diese Inhalte umgehend entfernen.<\/p>\n<p><strong>Haftung f\u00fcr Links<\/strong><br \/>\nUnser Angebot enth\u00e4lt Links zu externen Webseiten Dritter, auf deren Inhalte wir keinen Einfluss haben. Deshalb k\u00f6nnen wir f\u00fcr diese fremden Inhalte auch keine Gew\u00e4hr \u00fcbernehmen. F\u00fcr die Inhalte der verlinkten Seiten ist stets der jeweilige Anbieter oder Betreiber der Seiten verantwortlich. Die verlinkten Seiten wurden zum Zeitpunkt der Verlinkung auf m\u00f6gliche Rechtsverst\u00f6\u00dfe \u00fcberpr\u00fcft. Rechtswidrige Inhalte waren zum Zeitpunkt der Verlinkung nicht erkennbar. Eine permanente inhaltliche Kontrolle der verlinkten Seiten ist jedoch ohne konkrete Anhaltspunkte einer Rechtsverletzung nicht zumutbar. Bei bekannt werden von Rechtsverletzungen werden wir derartige Links umgehend entfernen.<\/p>\n<p><strong>Urheberrecht<\/strong><br \/>\nDie durch die Seitenbetreiber erstellten Inhalte und Werke auf diesen Seiten unterliegen dem deutschen Urheberrecht. Beitr\u00e4ge Dritter sind als solche gekennzeichnet. Die Vervielf\u00e4ltigung, Bearbeitung, Verbreitung und jede Art der Verwertung au\u00dferhalb der Grenzen des Urheberrechtes bed\u00fcrfen der schriftlichen Zustimmung des jeweiligen Autors bzw. Erstellers. Downloads und Kopien dieser Seite sind nur f\u00fcr den privaten, nicht kommerziellen Gebrauch gestattet. Die Betreiber der Seiten sind bem\u00fcht, stets die Urheberrechte anderer zu beachten bzw. auf selbst erstellte sowie lizenzfreie Werke zur\u00fcckzugreifen.<br \/>\nSollten Sie trotzdem auf eine Urheberrechtsverletzung aufmerksam werden, bitten wir um einen entsprechenden Hinweis. Bei bekanntwerden von Rechtsverletzungen werden wir derartige Inhalte umgehend entfernen.<\/p>\n<p><strong>Datenschutz<\/strong><br \/>\nSoweit auf unseren Seiten personenbezogene Daten (beispielsweise Name, Anschrift oder eMail-Adressen) erhoben werden, erfolgt dies soweit m\u00f6glich stets auf freiwilliger Basis. Die Nutzung der Angebote und Dienste ist, soweit m\u00f6glich, stets ohne Angabe personenbezogener Daten m\u00f6glich. Wir weisen darauf hin, dass die Daten\u00fcbertragung im Internet (z.B. bei der Kommunikation per E-Mail) Sicherheitsl\u00fccken aufweisen kann. Ein l\u00fcckenloser Schutz der Daten vor dem Zugriff durch Dritte ist nicht m\u00f6glich. Der Nutzung von im Rahmen der Impressumspflicht ver\u00f6ffentlichten Kontaktdaten durch Dritte zur \u00dcbersendung von nicht ausdr\u00fccklich angeforderter Werbung und Informationsmaterialien wird hiermit ausdr\u00fccklich widersprochen. Die Betreiber der Seiten behalten sich ausdr\u00fccklich rechtliche Schritte im Falle der unverlangten Zusendung von Werbeinformationen, etwa durch Spam-Mails, vor.<\/p>\n<\/div>\n<div id=\"cc-m-6045316461\" class=\"j-module n j-text \"><\/div>\n<div id=\"cc-m-6045317261\" class=\"j-module n j-text \"><\/div>\n","protected":false},"excerpt":{"rendered":"<p>Angaben gem\u00e4\u00df \u00a75 TMG F\u00f6rderverein Kita Buddelflink G\u00fcterfelde e.V. Lindenallee 3 14532 Stahnsdorf E-Mail: info@fv-kitabuddelflink.de\u00a0 Vertreten durch: Luisa Gorzala &#8211; Vorsitzende Mareike Hoffmann &#8211; stellvertretende Vorsitzende Sabine Erbst\u00f6\u00dfer &#8211; Schatzmeisterin Registereintrag: Eintragung im Handelsregister&#46;&#46;&#46;<\/p>\n","protected":false},"author":1,"featured_media":0,"parent":0,"menu_order":0,"comment_status":"closed","ping_status":"closed","template":"","meta":{"footnotes":""},"class_list":["post-53","page","type-page","status-publish","hentry"],"jetpack_sharing_enabled":true,"_links":{"self":[{"href":"https:\/\/fv-kitabuddelflink.de\/index.php?rest_route=\/wp\/v2\/pages\/53","targetHints":{"allow":["GET"]}}],"collection":[{"href":"https:\/\/fv-kitabuddelflink.de\/index.php?rest_route=\/wp\/v2\/pages"}],"about":[{"href":"https:\/\/fv-kitabuddelflink.de\/index.php?rest_route=\/wp\/v2\/types\/page"}],"author":[{"embeddable":true,"href":"https:\/\/fv-kitabuddelflink.de\/index.php?rest_route=\/wp\/v2\/users\/1"}],"replies":[{"embeddable":true,"href":"https:\/\/fv-kitabuddelflink.de\/index.php?rest_route=%2Fwp%2Fv2%2Fcomments&post=53"}],"version-history":[{"count":16,"href":"https:\/\/fv-kitabuddelflink.de\/index.php?rest_route=\/wp\/v2\/pages\/53\/revisions"}],"predecessor-version":[{"id":602,"href":"https:\/\/fv-kitabuddelflink.de\/index.php?rest_route=\/wp\/v2\/pages\/53\/revisions\/602"}],"wp:attachment":[{"href":"https:\/\/fv-kitabuddelflink.de\/index.php?rest_route=%2Fwp%2Fv2%2Fmedia&parent=53"}],"curies":[{"name":"wp","href":"https:\/\/api.w.org\/{rel}","templated":true}]}}